st the prime factors of (1/(-2) - 119/42)*-6321.
2, 5, 7, 43
Let l(x) = x**2 - 26*x - 28. Let s be l(32). Suppose -s*r - 872 = -168*r. List the prime factors of r.
2, 109
Let k(t) be the third derivative of -t**5/60 + 11*t**4/4 - 73*t**3/3 - 154*t**2. What are the prime factors of k(35)?
3, 313
Suppose -2*c + 8*c - 16716 = 0. List the prime factors of c.
2, 7, 199
Suppose -3*m = 3*j - 2790, -2*j = -5*m + 8*m - 2789. Let g = m - 514. What are the prime factors of g?
5, 83
Let p = -22624 + 38818. What are the prime factors of p?
2, 3, 2699
Suppose -45*k = -46*k - 1419. Let t = k - -2249. List the prime factors of t.
2, 5, 83
Suppose 30*t + 141541 = 473461. List the prime factors of t.
2, 3, 461
Suppose -4*i - 33*r + 30409 = -36*r, -38020 = -5*i + 2*r. What are the prime factors of i?
2, 3803
Let h(s) = 86*s**2 - 99*s - 874. What are the prime factors of h(-8)?
2, 2711
Suppose -12*v + 7312 = -9392. Suppose 0 = 10*s - 18*s + v. What are the prime factors of s?
2, 3, 29
Let o(j) = 696*j**2 + 87*j + 28. List the prime factors of o(10).
2, 101, 349
Suppose 6*w = -188 + 170. List the prime factors of 1664/24 - w*(-2)/(-9).
2, 5, 7
Let l be (-2 - -8)/((-9)/(-3)) - -2. Suppose l*i + 1197 = 7*i. What are the prime factors of i?
3, 7, 19
Suppose 5*r + 40 = 475. Suppose r*y = 92*y. Suppose y = 15*k - 12*k - 576. List the prime factors of k.
2, 3
Let v(d) be the first derivative of d**3/3 - 2*d**2 - 25*d - 23. Let l be v(-5). Suppose -l*n + 16*n + 572 = 0. List the prime factors of n.
11, 13
Let o be 14/(-18) + 1 - 10/45. Suppose o = 2*l - 2*t - 8, 4*l - 2*t - 8 = l. Suppose -3*r + 2*v + 709 = -l*v, -1183 = -5*r + 4*v. List the prime factors of r.
5, 47
Let k = -10762 - -25243. List the prime factors of k.
3, 1609
Suppose -2*z = b - 2607, -3*z - 10417 = -4*b - 0*z. Let d = b + -1590. What are the prime factors of d?
5, 7, 29
Let f(q) = q**2 - 3*q + 86. Let i be f(0). Suppose -5*u + 5*t + 245 = 0, 5*t - i - 129 = -5*u. List the prime factors of u.
2, 23
Suppose 0 = 2*k - 10, 4*s + 3*k - 13 - 62 = 0. List the prime factors of (-118)/(s/(375/(-10))).
5, 59
Let r be 0 + 0 - (11 - 15). Suppose k = 3*n - 2*n - 24, -r*k = 4. List the prime factors of n + (2 + -3)*0.
23
Suppose -b + 4*u = 8, -2*b + 24 = -b + 4*u. Suppose -13*a - 24 = -7*a. List the prime factors of (a/b*5)/((-2)/68).
5, 17
Let o(s) = 41*s**2 - 5*s - 3. Suppose -3*u + 2*r = 9, 4*r = -u + 2*u + 3. What are the prime factors of o(u)?
3, 127
Let p(u) = u**2 - 10*u + 24. Let d(f) = 4*f**2 - 2*f + 2. Let s be d(2). Let q be p(s). Suppose 0 = 2*y - 4*y + q. What are the prime factors of y?
2, 5
Let z be 26/65 + 2956/10. Suppose -8 = 2*q, u - z - 351 = -q. What are the prime factors of u?
3, 7, 31
List the prime factors of 49/(-1078) - 411049/(-22).
2, 3, 173
Let b = 523 + -276. Suppose -244*s + b*s = 6153. List the prime factors of s.
7, 293
Suppose 3*p - 330 - 10 = -2*k, -5*k - 415 = -4*p. Suppose -3*m + 5*q + p = 0, 4*m - 56 = -q + 106. List the prime factors of m/6*546/65.
2, 7
What are the prime factors of (5867/(-3) + 0)/(41/(-123)*1)?
5867
Suppose 20*f + 22*f - 179866 = 338330. What are the prime factors of f?
2, 31, 199
Let r(s) = -432*s**3 + 3*s**2 + 17*s + 5. List the prime factors of r(-3).
5, 17, 137
What are the prime factors of ((-9939028)/(-616) - (-27)/6) + 2/(-7)?
16139
Let c = 25443 + -11930. List the prime factors of c.
13513
Suppose -q = -d + 14, 2*q = 3*d - 23 - 14. Suppose 24*k - 18360 = d*k. List the prime factors of k.
2, 3, 17
Let s be -51 - -50 - (-1*3)/1. Suppose 12 = -5*t + 4*k, 4*t + 3*k - 9 = s*t. Suppose 20 = 4*x, t = d + d + 3*x - 343. What are the prime factors of d?
2, 41
Let t(v) = -1532*v - 207. List the prime factors of t(-4).
31, 191
Suppose -8 + 8 = -8*r. Let s(a) = -a**3 + 2*a**2 + 963. What are the prime factors of s(r)?
3, 107
Suppose -62404 = -5*l + i, 3*l = 8*l - 3*i - 62392. List the prime factors of l.
2, 79
Let a(g) = 461*g**3 - 5*g**2 + 3*g - 21. List the prime factors of a(4).
3, 5, 37, 53
Let w = 455 - 403. Let k = -24 + -7. Let x = w - k. List the prime factors of x.
83
Let y = -269 + 332. What are the prime factors of ((-6)/(-8))/(y/34356)?
409
Let i(c) = -2*c - 7. Let d be i(-4). Suppose -4*z - w = 17, 3*z + d = 4*z - 5*w. What are the prime factors of ((2*-6)/z)/1?
3
Let x = -2423 + 654. Let c = -1003 - x. List the prime factors of c.
2, 383
Let c be ((-1164)/(-18))/((-2)/(-3)). Suppose -3*v = -5*t - v + 7, 0 = -4*t + 5*v - 8. Suppose t*f - c = 209. List the prime factors of f.
2, 3, 17
List the prime factors of (-8492)/4*(31 + -39).
2, 11, 193
Suppose 0 = 192*y - 209*y + 315282. What are the prime factors of y?
2, 3, 11, 281
Suppose -19 - 37 = -4*u. Suppose -4*j - l = 4*l - 31, 2*j + 2*l - u = 0. Suppose -44 = j*v - 108. List the prime factors of v.
2
Let m be 3/7 - 1770/(-35). Suppose -2*b - 2 - 6 = 0. Let x = m + b. List the prime factors of x.
47
Suppose 5*w - 23875 = 5*v, -5*w + 8098 = -2*v - 15780. List the prime factors of w.
2, 3, 199
Let c = -469 + 745. Let m(y) = -2*y**2 + 17*y - 28. Let l be m(13). Let t = l + c. List the prime factors of t.
131
Suppose 52*y + 4*p + 10772 = 56*y, 0 = 3*p + 9. List the prime factors of y.
2, 5, 269
List the prime factors of 12 - (4 + 1) - -22240.
22247
Let l(d) = 137*d**2 - 12*d - 131. List the prime factors of l(-8).
3, 41, 71
Suppose 3*m + 5*y - y = -86, 0 = 5*y + 25. Let d(s) = 2*s**2 + 27*s - 37. List the prime factors of d(m).
337
Let l = 78513 + -38095. What are the prime factors of l?
2, 7, 2887
Suppose -132*k = -134*k + 3612. Suppose -u + k = 6*u. List the prime factors of u.
2, 3, 43
Suppose -705*y = -716*y + 84942. What are the prime factors of y?
2, 3, 11, 13
Suppose 5*q + 17*z = 22*z + 73520, 4*z = 5*q - 73519. Suppose 17*y = -1358 + q. List the prime factors of y.
5, 157
Suppose w - 13 - 2 = 2*c, -2*w + c = -15. What are the prime factors of (6*51)/((w - -3)/8)?
2, 3, 17
Suppose 0 = -g + 2*z + 8, -2*g - 5*z = -g + 13. Let h(d) be the first derivative of 17*d**4/4 - d**3/3 - 3*d**2/2 + 3*d + 34. List the prime factors of h(g).
3, 43
Let y(v) = -4*v**3 - 4*v**2 + 17*v - 28. Let t be y(-6). Let l = t + -245. List the prime factors of l.
3, 5, 23
Let v(n) = -n**3 + 1. Let y be v(-1). List the prime factors of ((-28)/4)/((-4)/(6*y)).
3, 7
Suppose 65*v - 39637 = -1937. Suppose -d + v = 3*m + 90, -3*m - 980 = -2*d. List the prime factors of d.
2, 5, 7
Suppose -18496 = -21*s + 9665. Suppose 31*g - s = 5882. List the prime factors of g.
233
Suppose -14208 = -10*f + 1012. Let s = 2556 - f. What are the prime factors of s?
2, 11, 47
Suppose 0 = -2*x + 10, -5*j + 68 - 38 = 4*x. List the prime factors of 20786/95 + j + 28/(-10).
2, 109
Suppose -3*o = -1 - 5. Let m = -136 + 86. List the prime factors of ((-12)/5 - -2)/(o/m).
2, 5
Let m be (-3)/(-1) - 1/3*3. Suppose m*y - 710 = 4*t, 3*t - 77 = -y + 288. What are the prime factors of y?
359
Let i(f) = f**2 - 8*f + 239. List the prime factors of i(26).
7, 101
Let f(g) = g**3 + 92*g**2 + 67*g - 158. What are the prime factors of f(-89)?
2, 8821
What are the prime factors of (-31)/(372/(-27180))*((-23)/(-3) - 3)?
2, 5, 7, 151
Suppose -5*v = -4*t + 83, 3*t - 16 = v + 38. Let f be ((-28)/6)/(2/3). Let b = t + f. What are the prime factors of b?
2, 5
Let z(v) = -131*v**3 + 3*v**2 - 35*v - 132. What are the prime factors of z(-4)?
2, 5, 211
What are the prime factors of (2/(-6))/((13/2296788)/((-5)/10))?
2, 14723
Suppose 0 = -4*p + y + 83020, -393*p + 3*y = -388*p - 103768. What are the prime factors of p?
2, 5189
Let s be (-2 - (-5)/2)*0. Suppose 5*r + 2*d = 259, -40*r + 39*r - 5*d = -38. Suppose -46*x + r*x - 98 = s. List the prime factors of x.
2, 7
Suppose 150*j - 9 = 153*j. List the prime factors of ((-2 + -1)*1)/(j/418).
2, 11, 19
Suppose -542*m + 17727649 = 172*m - 26226905. What are the prime factors of m?
61561
List the prime factors of 8765 + -3 + 16 + -26.
2, 547
Let u(f) = f**3 - 14*f**2 - 11*f - 18. Let c be u(7). Let r = c + 871. What are the prime factors of r?
433
Let y(u) = 75*u**3 + u**2 + 5*u. Let a be y(4). Suppose -2*w = 4*j - 3864, -5*j + w + a = 2*w. What are the prime factors of j?
2, 11
Let j(z) be the second derivative of 30*z**3 + 3*z**2/2 + 112*z. What are the prime factors of j(3)?
3, 181
Let w(x) = -x**3 + 77*x**2 - 617*x + 137. List t